{"id":8,"date":"2018-03-03T21:13:07","date_gmt":"2018-03-03T20:13:07","guid":{"rendered":"http:\/\/www.cetvyk.cz.uvirt66.active24.cz\/?page_id=8"},"modified":"2018-03-05T19:33:04","modified_gmt":"2018-03-05T18:33:04","slug":"o-nas","status":"publish","type":"page","link":"https:\/\/www.cetvyk.cz\/?page_id=8","title":{"rendered":"O n\u00e1s"},"content":{"rendered":"<p><span style=\"color: #000000;\">Vytvo\u0159en\u00ed firmy CETVYK s.r.o. bylo logick\u00fdm krokem pro zefektivn\u011bn\u00ed po\u017eadavk\u016f na\u0161ich z\u00e1kazn\u00edku a stmelen\u00ed spolupracuj\u00edc\u00edho t\u00fdmu.<\/span><\/p>\n<p><span style=\"color: #000000;\">Dlouhodob\u00fdm p\u016fsoben\u00edm ve stroj\u00edrenstv\u00ed a p\u0159ev\u00e1\u017en\u011b v oblasti speci\u00e1ln\u00ed techniky, jsme schopni prol\u00ednat v\u00fdhody jednotliv\u00fdch oblast\u00ed ve stroj\u00edrenstv\u00ed, kter\u00e9 pak nezbytn\u011b vede k zefektivn\u011bn\u00ed proces\u016f v\u00fdroby, ale i v\u00fdvoje a konstrukce. \u00a0 V\u011bdomostmi, znalostmi, zku\u0161enostmi a odpov\u011bdnost\u00ed na\u0161eho t\u00fdmu,\u00a0 kter\u00fd se na projektech pod\u00edl\u00ed se povedlo vybudovat vhodn\u00e9 z\u00e1zem\u00ed pro \u010dinnost na\u0161\u00ed firmy.<\/span><\/p>\n","protected":false},"excerpt":{"rendered":"<p>Vytvo\u0159en\u00ed firmy CETVYK s.r.o. bylo logick\u00fdm krokem pro zefektivn\u011bn\u00ed po\u017eadavk\u016f na\u0161ich z\u00e1kazn\u00edku a stmelen\u00ed spolupracuj\u00edc\u00edho t\u00fdmu. Dlouhodob\u00fdm p\u016fsoben\u00edm ve stroj\u00edrenstv\u00ed a p\u0159ev\u00e1\u017en\u011b v oblasti speci\u00e1ln\u00ed techniky, jsme schopni prol\u00ednat v\u00fdhody jednotliv\u00fdch oblast\u00ed ve stroj\u00edrenstv\u00ed, kter\u00e9 pak nezbytn\u011b vede k zefektivn\u011bn\u00ed proces\u016f v\u00fdroby, ale i v\u00fdvoje a konstrukce. \u00a0 V\u011bdomostmi, znalostmi, zku\u0161enostmi a odpov\u011bdnost\u00ed na\u0161eho t\u00fdmu,\u00a0 &hellip; <\/p>\n<p class=\"link-more\"><a href=\"https:\/\/www.cetvyk.cz\/?page_id=8\" class=\"more-link\">Pokra\u010dovat ve \u010dten\u00ed<span class=\"screen-reader-text\"> &#8222;O n\u00e1s&#8220;<\/span><\/a><\/p>\n","protected":false},"author":1,"featured_media":0,"parent":0,"menu_order":0,"comment_status":"closed","ping_status":"closed","template":"","meta":[],"_links":{"self":[{"href":"https:\/\/www.cetvyk.cz\/index.php?rest_route=\/wp\/v2\/pages\/8"}],"collection":[{"href":"https:\/\/www.cetvyk.cz\/index.php?rest_route=\/wp\/v2\/pages"}],"about":[{"href":"https:\/\/www.cetvyk.cz\/index.php?rest_route=\/wp\/v2\/types\/page"}],"author":[{"embeddable":true,"href":"https:\/\/www.cetvyk.cz\/index.php?rest_route=\/wp\/v2\/users\/1"}],"replies":[{"embeddable":true,"href":"https:\/\/www.cetvyk.cz\/index.php?rest_route=%2Fwp%2Fv2%2Fcomments&post=8"}],"version-history":[{"count":6,"href":"https:\/\/www.cetvyk.cz\/index.php?rest_route=\/wp\/v2\/pages\/8\/revisions"}],"predecessor-version":[{"id":73,"href":"https:\/\/www.cetvyk.cz\/index.php?rest_route=\/wp\/v2\/pages\/8\/revisions\/73"}],"wp:attachment":[{"href":"https:\/\/www.cetvyk.cz\/index.php?rest_route=%2Fwp%2Fv2%2Fmedia&parent=8"}],"curies":[{"name":"wp","href":"https:\/\/api.w.org\/{rel}","templated":true}]}}